24 - 14 - 0)).
24
Calculate (15 - -124) + 1530 + -1559.
110
What is -179 - (-67 - 42 - -16)?
-86
-1 + 16 + (92 + -49 - 43) + 52
67
What is 0 + -24 + 5 + -83 + 104?
2
What is 42 - (12 + 9 + 7 + -29)?
43
What is (4 - 3) + -5 + (149 - 120)?
25
Evaluate 4 - 0 - (82 + -11 + -30).
-37
40 + 10 + 11 + -5 + -10 - (-10 - -2)
54
Calculate 89 - ((2 - 2) + -12 + (686 - 667)).
82
What is the value of -41 + -94 + 104 + 1 + -1 + -2 + 0?
-33
Calculate -5 + (-4 - (0 - 4)) - (7 - (38 - 24)).
2
Calculate 33 - (18 + (-7 - 4)) - (-15 - -9 - 6).
38
Calculate 9 + (31 + -1 - 22) + -74.
-57
10 + (-10 - (-2 + -5 + -45 - -7)) + -2
43
Calculate 2 + 2 + 2 + 45 + -55.
-4
What is the value of 11 - 7 - ((-18 - (-10 + -10)) + 6)?
-4
Evaluate (10 - (-29 - (1 + -20))) + -56.
-36
Calculate 24 + (29 - -6 - 76).
-17
What is ((44 - 45) + 2 + -12 - -11) + (-20 - 1)?
-21
(66 - 85 - -47) + -80
-52
What is the value of -9 + (18 - (13 + -8)) - 7?
-3
Evaluate (4 - (3 + (-3 - -1))) + (256 - 125) + -162.
-28
What is 12 - ((-4 + 20 - -69) + 0 + 8)?
-81
What is the value of 4 - (-39 + 57 - 22)?
8
Calculate (-6 - (-2 + 5)) + (-6 + -34 - 0) - 9.
-58
Evaluate (233 - 399 - -117) + (-2 + 2 - (-1 + -9)).
-39
What is the value of 6 + -18 + -15 + 2 + (-98 - -243) - 2?
118
Calculate (106 - 118) + -116 + 13.
-115
2 + -29 - -58 - (-2 + -9 + -2)
44
Calculate 49 - ((-32 - -6) + 105).
-30
What is 41 - (-3 + 2 + -18 + (-11 - -28))?
43
Evaluate 29 + (-33 - 101) + (0 - -10).
-95
What is -11 - (-10 - 3 - -2) - (-7 + 4 + -60)?
63
(2 + 12 - (12 + -12) - 4) + 15
25
Calculate 7 + 4 - (-32 - 3).
46
Evaluate -29 - -76 - (0 + 24 + -10 - 27).
60
-37 + 25 + (-10 + -10 - -13) + -16
-35
What is -5 + 4 + -67 + 133 + -50 + -47 + 0?
-32
-83 - (31 + -14 - 21 - 5 - -24)
-98
What is the value of -23 + (36 - 40) - -21 - 20?
-26
What is the value of -29 + (13 - 13 - -23) - 57?
-63
-4 - (98 - -41 - 81)
-62
What is the value of 2 + 9 + (-36 - -19) + (74 + -2 - 1)?
65
Evaluate 8 - (-36 + 16 - (-59 - -116)).
85
Evaluate (307 - (-44 - -346)) + (0 - (1 - 0) - -78).
82
2 + (16 + -33 - -28) + (1 - 4) + -91
-81
Evaluate 7 - 22 - (-58 - (-1 - -8)).
50
Calculate 2 + 71 - (72 - 44).
45
What is 25 + -36 + -31 + (0 - -5)?
-37
Calculate -24 + (2 - 45) + 34.
-33
What is (4 - 8) + -2 + -45 + -10 - -8 - 12?
-65
Evaluate -63 + -45 + 118 - (60 + -1).
-49
What is -38 - (-697 + 719 - (1 - -16))?
-43
Evaluate -3 + 12 - 31 - -19 - 33.
-36
Evaluate (10 + 18 + 104 - 25) + 5.
112
(1 - 12) + -61 + (48 - -65)
41
What is (-13 - (1 - 3)) + (26 - 0 - 31)?
-16
Evaluate 23 + -106 + (-3 - (3 + (-7 - 4))).
-78
What is the value of -70 + 25 + 79 + -52 - (-49 - 1)?
32
What is the value of 2 - 23 - (-75 + (-244 - -216))?
82
What is 19 + -7 + 4 - (-3 - (-22 - -8))?
5
What is 27 - (-15 + 90 + -21) - -11?
-16
What is -34 + 50 - (-1 + 2 - (5 + -2 - -1))?
19
Evaluate 39 - (-45 + -21 + 14 + -36).
127
(-11 - 3) + 3 + 1 + (1 - 82)
-91
Evaluate 88 + (-674 - -660) + (3 + 1 - 10).
68
What is the value of -1 + 94 - -6 - (-996 - -1032)?
63
What is the value of (31 - -3 - 13) + (0 - 7) - (1 + -52)?
65
What is (6 - -5) + (30 - (-5 + 129))?
-83
What is -67 - (56 - 66) - (-9 - (3 + 0))?
-45
What is the value of 25 + -8 + (7 - 11)?
13
What is 17 + -31 + 11 + -13 + -11?
-27
What is the value of (-51 - -27) + -9 + 55?
22
Calculate 43 + (24 - -9) + -49.
27
Evaluate -10 - ((-60 - -3) + 165 + -173).
55
(5 - 12) + -1 + (-4 + (3 - 8) - -34)
17
What is (-10 + -3 + 16 - 17) + 61?
47
Calculate -7 + 6 + 85 + -3 - 10 - 9.
62
Evaluate 104 - (-153 + 163) - 17.
77
What is the value of -2 + 20 + -78 + -10?
-70
What is the value of 0 + -5 - ((-6 + 49 - 25) + -13)?
-10
Evaluate (32 + -30 - -11) + (-4 - -4) + 6.
19
(22 - -53) + (65 - 47) - 8
85
What is the value of -2 + (4 - (10 + -5)) - (54 + -50)?
-7
Calculate 4 + -3 + (-2 - -8) - (18 - (-1 + 1)).
-11
What is 9 - (-22 - 1 - (3 - 29 - -16))?
22
Evaluate 9 + -8 + -24 + -7.
-30
What is (-32 - -42 - 4) + 0 - 58?
-52
What is the value of (-1 - -53) + (-20 - (-8 + 5) - (164 + -185))?
56
What is the value of 23 + (-89 - -56) + (5 - -32)?
27
Evaluate 8 + -8 + 13 - (62 + (1 - 16)).
-34
What is (283 - 148) + -31 + -11?
93
Calculate 15 - -1 - (27 + -26 - 5) - -24.
44
Evaluate 12 - (-27 - -28) - 32.
-21
Evaluate (-26 - 87) + -25 - -159.
21
Evaluate -117 + -6 - -84 - -77.
38
Evaluate (296 - 229) + -3 + 0.
64
What is the value of -97 + 63 - (0 + 24 + -24 - (11 + 0))?
-23
-142 + ((50 - 22) + -1 + -11 - -4)
-122
Calculate 2 + 2 - (-80 - -58 - 15).
41
What is the value of 51 - (48 + (25 - 59) - 20)?
57
What is (-21 + 20 + -19 + -1 - (1 - 15)) + -5?
-12
What is 1 + -31 - (27 - ((-39 - -33) + 22))?
-41
-1 + -17 - (8959 - 8953)
-24
What is the value of -7 - 0 - (39 + -22 + -74 + 1)?
49
What is the value of (42 - 57) + -11 + -1 + 0?
-27
Evaluate -113 - (-80 + 18 + (-17 - -30)).
-64
What is the value of 6154 - 6241 - (-105 - 0)?
18
What is the value of -3 + 2 + (-50 - -132) + (-24 - -19) + -7?
69
What is (5 + -3 - 0) + -42 + (24 - (-24 + 49))?
-41
Calculate (7 - (-10 + 5)) + -5 + -77 + 34.
-36
Calculate 63 + -154 - -43 - -85.
37
Calculate -57 + 9 + 6 - (-902 - -860).
0
Calculate -20 - (-22 + 8 - -19 - 16).
-9
What is 44 + -2 - -1 - (-13110 + 13167)?
-14
What is the value of 0 + (0 - 11) - (-51 - (-54 - 42)) - -14?
-42
What is the value of (56 - -3) + -28 + -74?
-43
Evaluate -92 + (-62 + 126 - 37).
-65
What is -19 + (136 - (-8 - (-15 + -12)) - -17)?
115
Calculate -9 - (-11 - -6 - (-4 - (52 - 5 - 10))).
-45
What is (-22 - (-94 + 6 - 12)) + 2 + -17?
63
What is the value of (15 - 17) + (8 - (6 + -5 + 7))?
-2
-39 + (17 - (74 - 103))
7
Calculate 1 + -56 + -3 + 1 + 209 + -210.
-58
Evaluate (87 - (8 + -20)) + -37 + (-3 - -47).
106
4 + -154 + (25 - (6 - (-4 + (-12 - -11))))
-136
What is (3 + -6 - -16 - 30) + -7 + 11 + 98?
85
What is 16 + (120 + -201 - (-14 + 1)) + 10?
-42
Calculate 35 + -1 + (338 - 140 - 182).
50
What is the value of (21 + -73 + 7 - 11) + 14?
-42
Calculate (44 - 20) + -15 + (4 - -3) - 94.
-78
Calculate -82 + 180 - 172 - -67.
-7
-101 + 220 + (-30 - 2) + (1 - -8) - 8
88
What is the value of 7 + -5 + -4 - (199 + -233)?
32
Evaluate (-69 - -64) + (4 - 5 - -9) + -5 + -41.
-43
Calculate -41 - (-19 + -37 + 25 + 27).
-37
Evaluate 18 - 62 - (3 + -51).
4
What is the value of -2 + (-31 - -2) + (42 - 4 - 4) + -48?
-45
What is 26 + -66 + 71 + 21?
52
What is -2 - -106 - (7 + 27 + -14 + -35 + 3)?
116
What is the value of -846 + 866 + (-113 - 2)?
-95
What is the value of (-14 - -11) + (-10 - 0) + -85 + 95?
-3
Calculate 0 + -18 + 97 + -142.
-63
Calculate (36 - -4) + 1 + 2 + (16 - 13).
46
-55 + 10 + 191 - 30
116
(-15 - -4) + (-20 - (-3 + -3) - (19 + -25))
-19
Calculate -80 + 44 + 43 - (1 + 2 + 54 - -4).
-54
Evaluate -5 + 39 + -4 - (-408 + 374).
64
What is the value of (-24 + 53 - 94) + (10 - (-4 - -7 - 1))?
-57
Calculate -4 - -113 - (-77 - (64 - 127)).
123
What is 47 + -4 + -33 + (-10 - 101 - 6)?
-107
What is (-2 - 3) + 18 - (-25 + 8 - 5)?
35
Evaluate 9 + 2 + 1 + (6 + -31 - (-9 + 47)).
-51
What is 3 - (-13 + (53 - 19) + (-8 - 1) + 1)?
-10
What is -13 - (1 - (0 + (-11 - -7)) - (-3 - -13))?
-8
Evaluate 38 + (6 + -4 - -3 - -5) + -14.
34
Calculate (-5 - (-1 + (-19 + 0 - (-17 - -8)))) + -28.
-22
Evaluate -3 + -8 + 17 + 1 + -8 + 26.
25
What is the value of -9 + (-21 + 9 - (-155 - -181))?
-47
-29 - (-4 + (8 - (4 - 1)) + (-7 - 3))
-20
4 + -15 + (-51 - -76) - (-33 - 18)
65
Evaluate -3 + 3 + 127 + -158 + 217 + -73.
113
13 + 2 + (-20 - -6 - (-8 + -13))
22
Evaluate 63 + (-19 - 3 - -1) - -9.
51
What is (-39 - -3) + (-21 - (-30 + (20 - 4)))?
-43
-10390 - -10359 - (0 - -28)
-59
Calculate (5 + -27 - 44) + 38.
-28
Evaluate -21 - 7 - 7 - (8 - -77).
-120
(-10 - (-47 - -12)) + (-48 - -63)
40
(-41 - 1) + (380 - 332)
6
What is the value of -6 - (9 - (0 - (-72 + 32)))?
25
What is (9 + 5 - -11) + -1 - -20?
44
What is -118 + 36 - -48 - 19?
-53
What is (12 + -47 - 6 - 12 - -11 - 5) + 3?
-44
Calculate -28 - (-4 + 15 - (-21 + (2 - -16 - -11))).
-31
Evaluate 135 - 114 - (-1 - -25) - -9.
6
Calculate (-89 - -66) + 23 + -53.
-53
What is the value of -15 + 1 - (-3 - (-30 + 0) - 81)?
40
What is -7382 + 7389 - (-2 + (-1 - -149))?
-139
What is (-100 - -1) + (53 - 24) + (1 - 20)?
-89
What is 13 + -15 + (0 - (-67 + 2)) + (59 - 69)?
53
Evaluate -56 - (102 + -95 - (8 + 2)).
-53
(8 + -14 - -7) + -55 + 29 + -19
-44
Eval